he prime factors of a(f)?
3
Let l be (-396)/(-14) + (-8)/28. Suppose 3*j - 40 = t, 3*j - l = -0*j - 2*t. List the prime factors of j.
2, 3
Suppose 4*a - 129 = -3*h + 44, 3*a = -2*h + 116. What are the prime factors of h?
5, 11
Let t be -2 + -4*(0 + -1). Suppose -s - t*s + 21 = 0. What are the prime factors of s?
7
Let t(x) = -100*x + 18. What are the prime factors of t(-3)?
2, 3, 53
Let g(y) = -y**3 + 2*y**2 - 2*y. Let l be g(2). Let d = 6 + l. Suppose 3*q = -4*w + 51, -56 = -5*q + d*w + w. What are the prime factors of q?
13
Let c = -6 + 0. Let w = c + 6. Suppose 2*t - 28 + w = 0. What are the prime factors of t?
2, 7
Let m = -16 + 22. Suppose -m*l = -l - 10. List the prime factors of l.
2
Let m be -3 + 1 + 6 + 3. Suppose 240 = -2*t + m*t. Suppose u - 83 = -4*v, u = -3*v + 5*u + t. List the prime factors of v.
2, 5
Let m(r) = -9*r - 12. What are the prime factors of m(-6)?
2, 3, 7
Let r(a) = 2*a**3 + 2*a**2 + 2*a + 2. Let s be r(-3). Let l = 73 + s. List the prime factors of l.
3, 11
Let g(h) = h**2 - 5*h - 6. Let n be g(6). Let u = n + -9. What are the prime factors of u*((-4)/(-2))/(-2)?
3
Let s be 2 + (-3 - -2) + 1. Suppose 0*o - s*o = -32. What are the prime factors of o?
2
List the prime factors of (-12)/9*(-195)/10.
2, 13
Let g(d) be the first derivative of -d**4/4 - 8*d**3/3 - d**2/2 - d + 4. Let f = 5 - 13. List the prime factors of g(f).
7
Let g be -3 - (12/(-4) + 19). Let x = g + 21. List the prime factors of x.
2
Suppose -3*r - 38 = -734. List the prime factors of r.
2, 29
Let z(s) = 5*s - 2. Let i be z(-10). What are the prime factors of (-3)/(-4) + (-1001)/i?
2, 5
Let s(l) = l**3 - 3*l**2 + l - 3. Let m be s(3). Suppose -2*c = -m*c - 32. List the prime factors of c.
2
Let a(j) = -j. Let m be a(-2). Let w = 8 - m. List the prime factors of w.
2, 3
Suppose w - 2*j = -3, j = 3*w - 0*j - 16. What are the prime factors of w?
7
Let y(g) = g**2 + g + 93. Let p be y(0). List the prime factors of p/5 - (-12)/30.
19
Suppose -14*g + 15*g = 2. List the prime factors of g.
2
Let a(p) = p**2 + 4*p - 20. Let m(x) = -x**2 - 3*x + 21. Let t(l) = 3*a(l) + 4*m(l). List the prime factors of t(0).
2, 3
Suppose -2*u = -3*u + 1, 0 = v + u + 1. Let w(z) = 8*z**2 + 3*z + 3. List the prime factors of w(v).
29
Let s be (11/(-2))/(3/(-6)). Let j = s + -17. What are the prime factors of 1 - (j - (-1)/1)?
2, 3
Suppose 3*w + 3*h = 0, 3*w + 4*h = 6*w - 35. Suppose -126 - 50 = -4*a + 5*f, -f - 199 = -w*a. What are the prime factors of a?
3, 13
Let a be (-8 - -8)/(0 + 1). Suppose 3*u + 0*u - 45 = a. What are the prime factors of u?
3, 5
Suppose l + 868 = 5*v, -4*v = v - 4*l - 862. What are the prime factors of v?
2, 3, 29
Suppose -83 = 2*k - 349. List the prime factors of k.
7, 19
Suppose 5*w - 5*i = -i + 183, -4*w + i + 142 = 0. List the prime factors of w.
5, 7
Let n(k) = -6*k - 22. List the prime factors of n(-7).
2, 5
Let z = -139 + 143. List the prime factors of z.
2
Let x(m) = m**2 + 6*m. Let r = -13 + 5. List the prime factors of x(r).
2
Suppose -39 + 61 = b. List the prime factors of b.
2, 11
Suppose -4*s = 2*s - 288. List the prime factors of s.
2, 3
Let p(r) = r - 2. Let l be p(4). Suppose 3*u - l = -2*h + 2, 0 = 3*u - h - 7. Suppose 34 = u*c + 2. What are the prime factors of c?
2
Let p be (-2 - 0 - -2) + 0. Let v = 6 + p. Suppose -2*z = z - v. List the prime factors of z.
2
Let f(i) = 20*i**2 - 6*i - 1. What are the prime factors of f(2)?
67
Let b = -282 + 526. What are the prime factors of b?
2, 61
Let f = 24 - -52. List the prime factors of f.
2, 19
Suppose 0 = -c - 3*c. Suppose a + 2*n = -c*a + 9, 4*n = 4*a - 24. What are the prime factors of a?
7
Let g = -39 + 51. What are the prime factors of g?
2, 3
Suppose -5*u = -u - 12. Suppose -3*l - u = 9. List the prime factors of (-5 - -4)*(l + -1).
5
Suppose -137 = -3*t + 4*t. Let s = t - -198. Suppose 3*l - 45 = -2*k + 7, 4*l = -k + s. What are the prime factors of l?
2, 7
Suppose 10*j - 393 = 337. What are the prime factors of j?
73
Let y(i) = i**3 - 6*i**2 + 3*i - 9. Let c be y(6). Let p = c - 3. List the prime factors of p.
2, 3
Let p be ((-45)/(-3))/((-6)/(-116)). List the prime factors of (p/15)/((-4)/(-6)).
29
Let t(y) = -3*y**2 - 4*y. Let a be t(-5). Let i = a - -77. List the prime factors of i.
2, 11
Suppose 4*x - 3*f - f + 28 = 0, 0 = -2*x - 2*f - 10. Let o(h) = 1 + 0 - 3*h - 6. List the prime factors of o(x).
13
Suppose 11 + 5 = d + 4*l, 3*d = -3*l + 39. Let m = d - 3. List the prime factors of m.
3
Let f = 43 + 37. List the prime factors of f.
2, 5
Let y(l) = -l - 2. Let x be y(7). Let w be (1 - x)/((-7)/(-28)). Suppose n + w = 6*n. What are the prime factors of n?
2
List the prime factors of 0 - 2 - 8*(-35)/5.
2, 3
Let z(d) = d**3 - 4*d**2 - 4*d + 5. Let n be ((-4)/(-5))/(10/175). Suppose -4*k + 19 = 3*x, 0*x + 3*x = k + n. What are the prime factors of z(x)?
2, 5
Suppose 5*o + 257 = 2*f, 3*f + 5*o = 2*o + 396. What are the prime factors of f?
131
Suppose 3*u + 2 = -37. Let f = u + 19. List the prime factors of f.
2, 3
List the prime factors of 1414/14 - (0 - 2).
103
Let o(y) = -y**2 - 7*y - 7. Let s be o(-7). Let p = 0 + s. Let g = p - -16. List the prime factors of g.
3
Let f(z) = 2*z**2 + 5*z - 5. What are the prime factors of f(4)?
47
Suppose -4*y + 69 + 3 = 0. List the prime factors of y.
2, 3
Let k(g) = 2*g**3 + g. Let r be k(1). Suppose -346 = 4*s - 46. What are the prime factors of 2/r + s/(-9)?
3
Let h(i) = 25*i**2 + 7*i - 9. List the prime factors of h(2).
3, 5, 7
Let b(f) = f + 1. Let o(q) = -q**2 + 12. Let m(t) = 4*b(t) - o(t). List the prime factors of m(-6).
2
Suppose 0*k - 12 = -k - 4*y, -5*y = 3*k - 22. Suppose -5*n + k*n = -4*o + 21, -19 = -4*o - n. What are the prime factors of o?
5
Let f = 204 + -94. What are the prime factors of f?
2, 5, 11
Suppose 3*f - 3 - 1 = -z, -z + 18 = -4*f. Suppose q = 2*q - z. What are the prime factors of q?
2, 5
Suppose -8 = -2*l + 4*l. List the prime factors of ((-38)/l)/(5/20).
2, 19
Let z be ((3 - 4) + -2)/(-1). Suppose z*f = -2*f + 145. What are the prime factors of f?
29
Let u = 74 - 46. What are the prime factors of u?
2, 7
Suppose -3*j + 16 = -2*t, 2*j + 2*t = 3*t + 9. Suppose j*n = 0, -3*w + 33 = -5*n + n. List the prime factors of w.
11
Let p(s) = -s + 22. Let l be p(7). List the prime factors of 846/30 - 3/l.
2, 7
Let j = -8 + 13. Suppose 2 = j*m - 3. What are the prime factors of (m - 2)/((-6)/90)?
3, 5
Let q = 3 + 14. What are the prime factors of q?
17
Let l(z) be the first derivative of 3*z**4/4 + 2*z**3/3 - z**2 + z - 1. Let u be l(1). Suppose u*r - 5*r = -8. List the prime factors of r.
2
Let c be 51/15 + 4/(-10). Suppose 5*n - 12 = c. Suppose -n*x - 50 = -5*y - 0*x, -3*x = -2*y + 20. What are the prime factors of y?
2, 5
Suppose -18 = 7*a - 4*a. Let w = -3 - a. What are the prime factors of w?
3
List the prime factors of (-4 + -4)/(2/(-8)).
2
Let f(t) = 6*t + 6. Let y(o) = 11*o + 13. Let r(i) = 7*f(i) - 4*y(i). Let w = -6 + -3. List the prime factors of r(w).
2
Let b = -24 + 78. List the prime factors of b.
2, 3
Let h(p) = -3*p**3 - p. Let s be h(-1). List the prime factors of (1 + 0)/(s/16).
2
Suppose -260 = -3*a - a. What are the prime factors of a?
5, 13
Let j be -6*(-1)/(3/1). Suppose 3*k - 7 - j = 0. List the prime factors of k.
3
Let s be (4/(-8))/((-2)/16). Suppose 0 = -s*l - l. Suppose 5*y = u + 45, 0 = 2*y - l*y + 5*u - 18. What are the prime factors of y?
3
Let i be 8/(-16) - 11/(-2). Suppose -4*c + 65 = i*q - 20, 0 = -3*c + 3*q + 57. What are the prime factors of c?
2, 5
Suppose 61 + 15 = 4*m. What are the prime factors of m?
19
Suppose -2*v - 6 = -34. What are the prime factors of v?
2, 7
Let l(d) = -26*d - 34. Let o(g) = -5*g - 7. Let r be (-4 - -2 - -15) + -2. Let p(v) = r*o(v) - 2*l(v). List the prime factors of p(-7).
2, 3
Suppose 0 - 4 = 4*f. Let y = -16 + f. Let j = 24 + y. List the prime factors of j.
7
Suppose 4*k + 5*i = 380, 0 = 2*k - 4*i - 75 - 89. List the prime factors of k.
2, 3, 5
Let i be (-10)/(-15)*(-6)/4. Let r be 1 - 0 - (i - 2). Suppose 4*t = 3*q, r*q = 2*q + 5*t - 7. What are the prime factors of q?
2
Suppose -37 = -3*a + 23. List the prime factors of 45/(-5)*a/(-6).
2, 3, 5
Let v(g) = 4*g + 5. Let a be v(-5). Let w be (16/(-6))/((-5)/a). Let y = 0 - w. List the prime factors of y.
2
Suppo